 the units digit of l(v)?
8
Suppose -43 = 3*m + 32. Let o = m - -30. Suppose 255 = 5*k + 5*c, 47 = k + o*c - 20. What is the tens digit of k?
4
Suppose -4 = -4*f, 4*t + 0*f - 2266 = -2*f. What is the units digit of t?
6
Let d = 645 + -591. Let j = 32 - 14. What is the units digit of d/j*92/6?
6
Suppose 4 = 4*i - 4. Let m(a) = 3*a - 4. Let r be m(i). What is the tens digit of (r + -1)*140/4?
3
Let g = -15 - -12. What is the tens digit of (-1)/g + 1498/42?
3
Let n = 2361 - 1562. What is the tens digit of n?
9
Suppose -5*u + 16 + 29 = 5*l, -11 = -3*u + l. Let h = -8 + 6. Let v = u - h. What is the units digit of v?
7
What is the units digit of (-300)/40*4/(-10)*224?
2
Let d be ((-6)/(-8))/((-2)/(-8)). Suppose 4*f - 3*b = 371, -2*f = -d*f + 3*b + 104. What is the units digit of f?
9
Let l(s) = s**2 - 45*s + 30*s + 11 + 21*s. Let m = 6 + -13. What is the tens digit of l(m)?
1
What is the hundreds digit of (-49712)/(-48) + -1 - 4/6?
0
Let w(f) = 192*f**2 - f - 20. What is the units digit of w(4)?
8
Let i be ((-3)/2)/((-9)/42). Let f(n) = 19*n - 46. What is the tens digit of f(i)?
8
Let d(j) = -j**3 - 14*j**2 - 14*j + 13. Let s be d(-13). Let y = 17 - s. Let f = 36 - y. What is the units digit of f?
5
Let u(j) = j + 9. Suppose -3*s + 0*s + 6 = 0. Suppose -5*p - 3*i + 8 = 0, -s*p = 5*i - 3 + 15. What is the tens digit of u(p)?
1
Let f(t) be the third derivative of t**6/240 - t**5/15 - 5*t**4/24 + 6*t**2. Let o(a) be the second derivative of f(a). What is the tens digit of o(7)?
1
Let x(p) = -3*p**2 + 62*p + 16. What is the tens digit of x(18)?
6
Let u(j) = -j**2 + 2*j - 1. Let f be u(2). Let b be (0 - 374) + (f - -3). What is the tens digit of (-4)/(-10) + b/(-20)?
1
Suppose -g - 5*j + 9*j + 8 = 0, -j - 2 = 4*g. Let v(y) = y**2 + y + 69. What is the units digit of v(g)?
9
Suppose 5*c - 33 = -13. Suppose -5*i = -c*i - 35. Let t = 86 - i. What is the units digit of t?
1
Let d(a) be the third derivative of a**4/24 - a**3/2 + 3*a**2 - 1. Suppose -2*g + 6 + 2 = 0. What is the units digit of d(g)?
1
Let z(g) = 3*g**3 - 2*g**2 + 1. Let r be z(1). Suppose -r*a = a - 123. Let x = a + -20. What is the tens digit of x?
2
Let g = 23 + -20. Suppose -189 = g*l - 6*l. What is the units digit of l?
3
Let q(f) = 2*f**2 + 1. Let t be q(-1). Let i be 2/(-2) - (-5 + -1). Suppose 0 = -i*c + t*g + 136, c + g - 18 = 14. What is the units digit of c?
9
Suppose -18*q - 8251 = -42127. What is the hundreds digit of q?
8
Let s = 38 + -22. Let v = 32 - s. Suppose 0 = y - 10 - v. What is the tens digit of y?
2
Let z(w) = w**2 + 11*w - 9. Let x be z(-12). Suppose 4*b = -x*v, b + 19 = -0*v + 4*v. What is the tens digit of (-22)/b*9/2?
3
Suppose -5*g = 2*g - 8575. What is the units digit of g?
5
Suppose -369 = -4*o + 175. Suppose -2*r + o = 18. Suppose 5 = -3*f + r. What is the units digit of f?
8
Let j = 877 + -425. Suppose 79*y - j = 75*y. What is the tens digit of y?
1
Let c(h) = 27*h - 37. What is the units digit of c(11)?
0
Suppose o + 4*c = -4*o + 1367, 0 = 3*c + 6. Suppose -6*l + l = -o. What is the tens digit of l?
5
Let p = 3940 + -2610. Suppose -6*g + 13*g = p. What is the tens digit of g?
9
Suppose 3*p - 72 = -5*b, 5*b + 0*p - 3*p = 48. Let u(n) = n - 7. What is the units digit of u(b)?
5
Suppose -370 = -15*q + 5360. What is the hundreds digit of q?
3
Suppose 13*j + 62959 = 42*j. What is the units digit of j?
1
Let x(j) = 152*j**2 + j - 2. Let h be x(1). Let y = h - 39. What is the units digit of y?
2
Suppose 0 = -3*f - 4*p + 3460, -5*f = -10*p + 15*p - 5765. What is the tens digit of f?
5
Let j(n) be the third derivative of 13*n**5/15 - n**3/6 + n**2. What is the tens digit of j(1)?
5
Let h(t) = t**2 + t + 23. Let j be h(-10). Let x = -47 + j. What is the units digit of x?
6
Let q(u) = u**2 - 15*u + 34. Let z be q(12). What is the units digit of 59*(z - (3 - 7))?
8
Suppose 5*y = 1154 + 1846. What is the hundreds digit of y?
6
What is the thousands digit of 197275/143 + 24/(-44)?
1
Let l = 44 + -27. Suppose 2*n = l - 5. Let i(p) = -p**2 + 8*p. What is the units digit of i(n)?
2
Suppose -5*y = 168 - 533. Let k = y - 24. What is the units digit of k?
9
Let n = 51 + 145. Suppose 7 = -5*m - 8, 5*t = -3*m + n. Suppose -3*z - 5*i = -0*z - 54, -t = -2*z - 5*i. What is the units digit of z?
3
Let w(i) = 2478*i**2 + 17*i + 19. What is the tens digit of w(-1)?
8
Suppose 4*h = -2*p + 2794, -3*h + p + 552 + 1556 = 0. What is the tens digit of h?
0
Suppose -4*x - 92 = -c, -2*c + c = -5*x - 93. Let i = 138 - c. Suppose 4*z - z + 5*k - i = 0, -4*z + 74 = 3*k. What is the units digit of z?
0
Suppose -5*g = 4*d - 52, -g = -3*g + 4*d + 4. Let y = 12 - g. Suppose y*t - 2*s - 23 = 3*s, -13 = -5*t + s. What is the units digit of t?
2
Suppose 2*b + 0*b - 1 = m, 3*m - 9 = 2*b. Suppose -3*v = v + b*c - 122, -98 = -3*v + c. What is the tens digit of v?
3
Let l(t) = t**3 + 4*t**2 - 5*t + 2. Let a = -14 + 9. Let j be l(a). Suppose f - 5*f - 4*m + 72 = 0, j*f - 31 = 3*m. What is the units digit of f?
7
Let r(q) = -2*q - 3. Let n(v) = -2*v - 1 + 6 + 1 - 4. Let k be n(3). What is the units digit of r(k)?
5
Let d = -31 - -34. Suppose 3*h - 9 = 0, 2*h - d*h = r - 10. What is the units digit of r?
7
Suppose -2820 = 47*u - 67*u. What is the hundreds digit of u?
1
Let b = 468 + -242. What is the units digit of b?
6
Suppose 3*q - 47 = 5*g, 7*q + 4*g - 84 = 3*q. Let v = 61 - q. What is the units digit of v?
2
Suppose 16 = 6*o - 2. Suppose -5*h = 0, -2*j + o*h = 2*j - 464. What is the units digit of j?
6
Let o(c) = -2*c**2 + 3*c + 1. Let v be o(1). Suppose -5*d = -v*j + 4*j - 192, 0 = -4*j - d + 402. What is the units digit of j?
1
Suppose -5*q + 0*o + 670 = -o, 113 = q + 4*o. Suppose 3*m - 4*d = 138 + 49, 2*m - d = q. What is the units digit of m?
9
Suppose 3*q - 3*d = 453, 0 = -6*q + 11*q - 3*d - 759. Suppose -5*w = -242 - q. What is the tens digit of w?
7
Let s(q) = -285*q + 42. What is the tens digit of s(-11)?
7
Let m(i) = 4*i + 3. Let j be m(7). Let x = j + -6. What is the units digit of x?
5
Let y be (-7 - -7) + -2*12. Suppose 9*i - 213 = 66. Let a = i + y. What is the units digit of a?
7
Let f(o) = 30*o**2 + 46*o + 341. What is the hundreds digit of f(-7)?
4
Let a = 921 - 360. What is the tens digit of a?
6
Suppose -6144 = -24*h + 20*h. What is the tens digit of h?
3
Let v = -8 - -11. Suppose f = -v*f. Suppose 0 = 5*q + 2*y - 100, -q - 5*y - 4 + 1 = f. What is the units digit of q?
2
Let x(u) = -27*u - 7. Let p(o) = -81*o - 22. Let h(m) = 6*p(m) - 21*x(m). What is the units digit of h(2)?
7
Let a be (-3)/(-2)*(-8)/(-3). Suppose 6*v = a*v - 120. What is the tens digit of (v/(-4) + 0)*2?
3
Let t(y) = y**2 - 10*y + 12. Let z be t(8). Let b be (-11)/z - 5/(-20). Let p(a) = 2*a - 1. What is the units digit of p(b)?
5
Let z = -194 + 306. Suppose 4*l - z = 116. What is the tens digit of l?
5
Let b(l) = 312*l + 121. What is the thousands digit of b(5)?
1
Suppose -3*m + 2*l = 2 + 4, -3*l + 9 = 0. Suppose m = 5*p - 8*p - q + 143, 2*p - 84 = 5*q. What is the units digit of p?
7
Let m = -32 - -37. Suppose 0 = s - m*s + 340. What is the tens digit of s?
8
What is the units digit of 9/6 - (-497)/2?
0
Let g = 1909 + -173. What is the tens digit of g?
3
Suppose -j + 2*f = -14, -2*f - 1 = 9. Suppose 4*q = h - 28, h - j*q - 52 = -h. What is the units digit of h?
4
Let z = 524 + -275. What is the units digit of z/3*(2 + (-2)/2)?
3
Let y = -198 + 286. What is the tens digit of y?
8
Let m(d) = -d**2 + d + 2. Let y be m(2). Suppose -s + 0*s - 102 = y. Let v = -46 - s. What is the units digit of v?
6
What is the units digit of (-15)/20*-4*2181/9?
7
Let b(c) = c**2 + 3*c - 17. Let h be b(-6). What is the units digit of -1 + -1 + 178 + h?
7
Let s(l) = l**3 - 16*l**2 + 11*l + 3. Let g be s(15). Let w = 95 + g. What is the units digit of (w/6)/((-12)/(-36))?
9
Let v(r) = 3*r - 5. Let i be v(-13). Let n = -7 + -5. What is the tens digit of (i/n)/(2/6)?
1
Let f(k) = 2*k**2 + 28*k - 82. What is the tens digit of f(18)?
7
Let v = -2238 + 3144. What is the units digit of v?
6
Suppose 20 = 2*x + 2*n, -6*n + 2*n + 5 = -3*x. Suppose x*o - 257 = 13. What is the tens digit of o?
5
Let b be (-102)/(-14) - 2/7. Suppose -3*m - 5*s = -364, b = -5*s + 32. Suppose -21 = 4*c - m. What is the units digit of c?
3
Suppose 8*u - 6*u + 2262 = 0.